{"id":6132,"date":"2018-02-06T18:59:22","date_gmt":"2018-02-06T22:59:22","guid":{"rendered":"http:\/\/luzmariacorreapropiedades.cl\/sitio\/?page_id=6132"},"modified":"2018-02-06T18:59:54","modified_gmt":"2018-02-06T22:59:54","slug":"prensa","status":"publish","type":"page","link":"https:\/\/luzmariacorreapropiedades.cl\/sitio\/?page_id=6132","title":{"rendered":"Prensa y otros"},"content":{"rendered":"<p><strong>Hablan de nosotros:<\/strong><br \/>\nIremos complemento esta secci\u00f3n, con las diferentes menciones o apariciones en la prensa o en la web relacionados a nuestra gesti\u00f3n<\/p>\n<p><a href=\"http:\/\/www.fotoquinta.cl\/201409028631\/mas-de-un-millar-de-personas-asistieron-a-la-expo-vivienda-quillota-2014.html\">Participaci\u00f3n en Feria expovivienda quillota 2014<\/a><\/p>\n<p><a href=\"http:\/\/www.tasaciondepropiedades.com\/cursos-corretaje-de-propiedades-2015\/\">Testimonio en youtube de nuestra participaci\u00f3n en el curso subido por Chaparro, propiedades y arquitectura:<\/a><\/p>\n<p><iframe loading=\"lazy\" src=\"https:\/\/www.youtube.com\/embed\/HJwDAHhSOJM\" width=\"459\" height=\"344\" frameborder=\"0\" allowfullscreen=\"allowfullscreen\"><\/iframe><\/p>\n","protected":false},"excerpt":{"rendered":"<p>Hablan de nosotros: Iremos complemento esta secci\u00f3n, con las diferentes menciones o apariciones en la prensa o en la web relacionados a nuestra gesti\u00f3n Participaci\u00f3n en Feria expovivienda quillota 2014 [&hellip;]<\/p>\n","protected":false},"author":1,"featured_media":0,"parent":0,"menu_order":0,"comment_status":"closed","ping_status":"closed","template":"","meta":{"footnotes":""},"class_list":["post-6132","page","type-page","status-publish","hentry"],"_links":{"self":[{"href":"https:\/\/luzmariacorreapropiedades.cl\/sitio\/index.php?rest_route=\/wp\/v2\/pages\/6132","targetHints":{"allow":["GET"]}}],"collection":[{"href":"https:\/\/luzmariacorreapropiedades.cl\/sitio\/index.php?rest_route=\/wp\/v2\/pages"}],"about":[{"href":"https:\/\/luzmariacorreapropiedades.cl\/sitio\/index.php?rest_route=\/wp\/v2\/types\/page"}],"author":[{"embeddable":true,"href":"https:\/\/luzmariacorreapropiedades.cl\/sitio\/index.php?rest_route=\/wp\/v2\/users\/1"}],"replies":[{"embeddable":true,"href":"https:\/\/luzmariacorreapropiedades.cl\/sitio\/index.php?rest_route=%2Fwp%2Fv2%2Fcomments&post=6132"}],"version-history":[{"count":2,"href":"https:\/\/luzmariacorreapropiedades.cl\/sitio\/index.php?rest_route=\/wp\/v2\/pages\/6132\/revisions"}],"predecessor-version":[{"id":6135,"href":"https:\/\/luzmariacorreapropiedades.cl\/sitio\/index.php?rest_route=\/wp\/v2\/pages\/6132\/revisions\/6135"}],"wp:attachment":[{"href":"https:\/\/luzmariacorreapropiedades.cl\/sitio\/index.php?rest_route=%2Fwp%2Fv2%2Fmedia&parent=6132"}],"curies":[{"name":"wp","href":"https:\/\/api.w.org\/{rel}","templated":true}]}}